t is the remainder when 2768 is divided by 179?
83
What is the remainder when 72157 is divided by 352?
349
What is the remainder when 993866 is divided by 138?
128
Calculate the remainder when 29684 is divided by 5914.
114
Calculate the remainder when 509314 is divided by 28.
22
What is the remainder when 8821 is divided by 8820?
1
Calculate the remainder when 1931 is divided by 384.
11
What is the remainder when 12969 is divided by 6472?
25
Calculate the remainder when 3791 is divided by 538.
25
Calculate the remainder when 48356 is divided by 1734.
1538
Calculate the remainder when 72863 is divided by 1777.
6
What is the remainder when 5921 is divided by 180?
161
What is the remainder when 745 is divided by 3?
1
What is the remainder when 18892 is divided by 5?
2
What is the remainder when 15885 is divided by 407?
12
Calculate the remainder when 58628 is divided by 54.
38
Calculate the remainder when 40977 is divided by 107.
103
What is the remainder when 502 is divided by 70?
12
What is the remainder when 13751 is divided by 1524?
35
Calculate the remainder when 301866 is divided by 93.
81
What is the remainder when 41291 is divided by 37?
36
Calculate the remainder when 331745 is divided by 169.
167
Calculate the remainder when 39359 is divided by 3905.
309
Calculate the remainder when 5062 is divided by 50.
12
Calculate the remainder when 6346 is divided by 219.
214
What is the remainder when 4996 is divided by 69?
28
Calculate the remainder when 25555 is divided by 233.
158
What is the remainder when 3140 is divided by 162?
62
Calculate the remainder when 795 is divided by 203.
186
What is the remainder when 10126 is divided by 32?
14
Calculate the remainder when 728 is divided by 151.
124
What is the remainder when 4995 is divided by 164?
75
Calculate the remainder when 99263 is divided by 29.
25
Calculate the remainder when 27258 is divided by 323.
126
Calculate the remainder when 202193 is divided by 149.
0
What is the remainder when 307987 is divided by 140?
127
What is the remainder when 265535 is divided by 192?
191
What is the remainder when 94678 is divided by 30?
28
Calculate the remainder when 11301 is divided by 538.
3
Calculate the remainder when 5855 is divided by 731.
7
Calculate the remainder when 168240 is divided by 87.
69
What is the remainder when 6990 is divided by 2269?
183
What is the remainder when 59566 is divided by 726?
34
What is the remainder when 19627 is divided by 1089?
25
Calculate the remainder when 72196 is divided by 21.
19
Calculate the remainder when 1091290 is divided by 268.
262
What is the remainder when 38879 is divided by 116?
19
Calculate the remainder when 748437 is divided by 126.
123
Calculate the remainder when 498554 is divided by 405.
404
What is the remainder when 2609 is divided by 30?
29
What is the remainder when 156514 is divided by 187?
182
What is the remainder when 4703 is divided by 4666?
37
What is the remainder when 14284 is divided by 36?
28
What is the remainder when 4019 is divided by 465?
299
What is the remainder when 50816 is divided by 475?
466
Calculate the remainder when 11412 is divided by 1417.
76
What is the remainder when 395426 is divided by 38?
36
Calculate the remainder when 2296 is divided by 229.
6
What is the remainder when 222210 is divided by 761?
759
What is the remainder when 1053 is divided by 520?
13
Calculate the remainder when 2421 is divided by 567.
153
What is the remainder when 816404 is divided by 493?
489
What is the remainder when 5581 is divided by 1371?
97
Calculate the remainder when 96044 is divided by 69.
65
Calculate the remainder when 345 is divided by 84.
9
Calculate the remainder when 9041 is divided by 335.
331
What is the remainder when 22478 is divided by 76?
58
Calculate the remainder when 20127 is divided by 53.
40
What is the remainder when 395618 is divided by 55?
3
What is the remainder when 10016 is divided by 11?
6
What is the remainder when 15989 is divided by 91?
64
Calculate the remainder when 201265 is divided by 67087.
4
What is the remainder when 1799718 is divided by 10?
8
Calculate the remainder when 1864 is divided by 184.
24
What is the remainder when 7499 is divided by 1348?
759
What is the remainder when 416363 is divided by 884?
883
Calculate the remainder when 1434236 is divided by 83.
79
What is the remainder when 65004 is divided by 42?
30
Calculate the remainder when 15222 is divided by 7191.
840
What is the remainder when 161551 is divided by 161487?
64
Calculate the remainder when 14271 is divided by 3019.
2195
Calculate the remainder when 155406 is divided by 51800.
6
Calculate the remainder when 3472 is divided by 385.
7
Calculate the remainder when 1162 is divided by 157.
63
Calculate the remainder when 53473 is divided by 40.
33
What is the remainder when 950 is divided by 848?
102
What is the remainder when 29732 is divided by 2973?
2
What is the remainder when 106921 is divided by 277?
276
Calculate the remainder when 809994 is divided by 568.
26
Calculate the remainder when 18765 is divided by 2680.
5
Calculate the remainder when 15889 is divided by 361.
5
What is the remainder when 3630 is divided by 458?
424
Calculate the remainder when 125440 is divided by 26.
16
What is the remainder when 33958 is divided by 161?
148
Calculate the remainder when 7542 is divided by 743.
112
What is the remainder when 26613 is divided by 99?
81
Calculate the remainder when 122724 is divided by 39.
30
Calculate the remainder when 158890 is divided by 6.
4
What is the remainder when 5228 is divided by 24?
20
What is the remainder when 77263 is divided by 1983?
1909
Calculate the remainder when 1555 is divided by 105.
85
What is the remainder when 51033 is divided by 5098?
53
What is the remainder when 1108 is divided by 509?
90
What is the remainder when 9301 is divided by 273?
19
What is the remainder when 1583 is divided by 313?
18
What is the remainder when 68534 is divided by 18?
8
Calculate the remainder when 121653 is divided by 127.
114
Calculate the remainder when 5527 is divided by 1839.
10
What is the remainder when 134901 is divided by 132?
129
Calculate the remainder when 1181639 is divided by 154.
151
Calculate the remainder when 195973 is divided by 649.
624
What is the remainder when 2392 is divided by 550?
192
What is the remainder when 72890 is divided by 18221?
6
Calculate the remainder when 175030 is divided by 36.
34
Calculate the remainder when 24045 is divided by 1097.
1008
Calculate the remainder when 8206 is divided by 1417.
1121
Calculate the remainder when 3413 is divided by 1.
0
What is the remainder when 6187 is divided by 1025?
37
What is the remainder when 589477 is divided by 40?
37
What is the remainder when 1949 is divided by 396?
365
What is the remainder when 705486 is divided by 16?
14
Calculate the remainder when 23163 is divided by 60.
3
Calculate the remainder when 2453 is divided by 1146.
161
What is the remainder when 2301317 is divided by 114?
113
What is the remainder when 346881 is divided by 115599?
84
What is the remainder when 259361 is divided by 413?
410
What is the remainder when 21486 is divided by 2756?
2194
Calculate the remainder when 14475 is divided by 14428.
47
What is the remainder when 14259 is divided by 115?
114
What is the remainder when 1518496 is divided by 43?
37
What is the remainder when 2346 is divided by 680?
306
What is the remainder when 123180 is divided by 332?
8
What is the remainder when 21790 is divided by 10092?
1606
What is the remainder when 4567 is divided by 59?
24
What is the remainder when 21205 is divided by 3029?
2
Calculate the remainder when 6390 is divided by 2059.
213
What is the remainder when 40227 is divided by 156?
135
What is the remainder when 36462 is divided by 9107?
34
What is the remainder when 3455 is divided by 259?
88
What is the remainder when 573 is divided by 170?
63
What is the remainder when 59633 is divided by 19?
11
What is the remainder when 26159 is divided by 2378?
1
What is the remainder when 31301 is divided by 7?
4
What is the remainder when 19480 is divided by 85?
15
Calculate the remainder when 3522187 is divided by 35.
32
Calculate the remainder when 198443 is divided by 109.
63
What is the remaind